{"id":41,"date":"2023-01-25T17:10:31","date_gmt":"2023-01-25T17:10:31","guid":{"rendered":"https:\/\/blogs.cervantes.es\/retablo-centenario\/?page_id=41"},"modified":"2023-08-09T09:48:59","modified_gmt":"2023-08-09T09:48:59","slug":"41-2","status":"publish","type":"page","link":"https:\/\/blogs.cervantes.es\/retablo-centenario\/","title":{"rendered":"El retablo del centenario<br>del estreno de \u00abEl retablo de maese Pedro\u00bb de Manuel de Falla (1923-2023)"},"content":{"rendered":"\n<p>En este portal, dedicado al centenario del estreno de <em>El retablo de maese Pedro<\/em> de Manuel de Falla, el visitante tendr\u00e1, en la <strong><a href=\"https:\/\/blogs.cervantes.es\/retablo-centenario\/cartelera\/\">Cartelera<\/a><\/strong>, informaci\u00f3n sobre las iniciativas que nos van llegando de muy distintas instituciones para celebrar a lo largo de 2023 esta efem\u00e9ride; en la secci\u00f3n de <a href=\"https:\/\/blogs.cervantes.es\/retablo-centenario\/apuntes-del-retablo-del-centenario\/\">Apuntes <\/a>encontrar\u00e1 art\u00edculos, an\u00e9cdotas, documentos y curiosidades; y en la <strong><a href=\"https:\/\/blogs.cervantes.es\/retablo-centenario\/galeria\/\">Galer\u00eda<\/a><\/strong>, reproducciones de una imaginaria exposici\u00f3n alrededor de esta creaci\u00f3n.<\/p>\n\n\n\n<figure class=\"wp-block-image alignwide size-full\"><img decoding=\"async\" src=\"https:\/\/retabloic.nprdev.es\/wp-content\/uploads\/2022\/11\/cervantes-1.jpg\" alt=\"\" class=\"wp-image-11\"\/><\/figure>\n\n\n\n<h2 class=\"alignwide has-text-align-center has-x-large-font-size\"><strong>\u00daltimos apuntes<\/strong><\/h2>\n\n\n\n<p><\/p>\n\n\n<ul class=\"wp-block-latest-posts__list is-grid columns-3 has-dates alignwide is-style-default wp-block-latest-posts\"><li><div class=\"wp-block-latest-posts__featured-image aligncenter\"><img width=\"150\" height=\"150\" src=\"https:\/\/blogs.cervantes.es\/retablo-centenario\/files\/2023\/12\/collage-actividades-el-retablo-2023-web-baja-150x150.jpg\" class=\"attachment-thumbnail size-thumbnail wp-post-image\" alt=\"Fotograf\u00eda de Jos\u00e9 Antonio Albornoz. Collage de documentaci\u00f3n generada tras la celebraci\u00f3n del centenario de la obra.\" decoding=\"async\" loading=\"lazy\" style=\"width:100%;height:100%;max-width:1080px;max-width:150px;max-height:150px;\" srcset=\"https:\/\/blogs.cervantes.es\/retablo-centenario\/files\/2023\/12\/collage-actividades-el-retablo-2023-web-baja-150x150.jpg 150w, https:\/\/blogs.cervantes.es\/retablo-centenario\/files\/2023\/12\/collage-actividades-el-retablo-2023-web-baja-300x300.jpg 300w, https:\/\/blogs.cervantes.es\/retablo-centenario\/files\/2023\/12\/collage-actividades-el-retablo-2023-web-baja-1024x1024.jpg 1024w, https:\/\/blogs.cervantes.es\/retablo-centenario\/files\/2023\/12\/collage-actividades-el-retablo-2023-web-baja-768x768.jpg 768w, https:\/\/blogs.cervantes.es\/retablo-centenario\/files\/2023\/12\/collage-actividades-el-retablo-2023-web-baja.jpg 1080w\" sizes=\"(max-width: 150px) 100vw, 150px\" \/><\/div><a class=\"wp-block-latest-posts__post-title\" href=\"https:\/\/blogs.cervantes.es\/retablo-centenario\/2023\/12\/28\/una-conmemoracion-coral\/\">Una conmemoraci\u00f3n coral<\/a><time datetime=\"2023-12-28T11:06:31+00:00\" class=\"wp-block-latest-posts__post-date\">28 de diciembre de 2023<\/time><div class=\"wp-block-latest-posts__post-excerpt\">A lo largo de 2023 innumerables iniciativas y proyectos han convertido la conmemoraci\u00f3n del centenario del estreno de El retablo de maese Pedro en una amplia celebraci\u00f3n colectiva.<\/div><\/li>\n<li><div class=\"wp-block-latest-posts__featured-image aligncenter\"><img width=\"150\" height=\"150\" src=\"https:\/\/blogs.cervantes.es\/retablo-centenario\/files\/2023\/12\/Repertorios_Cuantas_trompetas-150x150.jpg\" class=\"attachment-thumbnail size-thumbnail wp-post-image\" alt=\"Bambalinas_MAO\" decoding=\"async\" loading=\"lazy\" style=\"width:100%;height:100%;max-width:1080px;max-width:150px;max-height:150px;\" srcset=\"https:\/\/blogs.cervantes.es\/retablo-centenario\/files\/2023\/12\/Repertorios_Cuantas_trompetas-150x150.jpg 150w, https:\/\/blogs.cervantes.es\/retablo-centenario\/files\/2023\/12\/Repertorios_Cuantas_trompetas-300x300.jpg 300w, https:\/\/blogs.cervantes.es\/retablo-centenario\/files\/2023\/12\/Repertorios_Cuantas_trompetas-1024x1024.jpg 1024w, https:\/\/blogs.cervantes.es\/retablo-centenario\/files\/2023\/12\/Repertorios_Cuantas_trompetas-768x768.jpg 768w, https:\/\/blogs.cervantes.es\/retablo-centenario\/files\/2023\/12\/Repertorios_Cuantas_trompetas.jpg 1080w\" sizes=\"(max-width: 150px) 100vw, 150px\" \/><\/div><a class=\"wp-block-latest-posts__post-title\" href=\"https:\/\/blogs.cervantes.es\/retablo-centenario\/2023\/12\/22\/cuantas-trompetas-que-suenan-repertorios\/\">\u00abCu\u00e1ntas trompetas que suenan\u2026\u00bb. Repertorios<\/a><time datetime=\"2023-12-22T09:56:12+00:00\" class=\"wp-block-latest-posts__post-date\">22 de diciembre de 2023<\/time><div class=\"wp-block-latest-posts__post-excerpt\">\u00abDesde su estreno en Par\u00eds, El retablo de maese Pedro ha viajado de una ciudad a otra, de un pa\u00eds a otro, de un idioma a otro, de un soporte sonoro o audiovisual a otro. Se trata de una obra sumamente pl\u00e1stica, en el sentido de que, a partir de una serie de dificultades t\u00e9cnicas, se puede declinar en una infinidad de propuestas esc\u00e9nicas\u00bb.<\/div><\/li>\n<li><div class=\"wp-block-latest-posts__featured-image aligncenter\"><img width=\"150\" height=\"150\" src=\"https:\/\/blogs.cervantes.es\/retablo-centenario\/files\/2023\/12\/capitulo-bascon-2-150x150.jpg\" class=\"attachment-thumbnail size-thumbnail wp-post-image\" alt=\"Representaci\u00f3n_Mariscal_Palacio_Carlos_V\" decoding=\"async\" loading=\"lazy\" style=\"width:100%;height:88.87%;max-width:1024px;max-width:150px;max-height:150px;\" \/><\/div><a class=\"wp-block-latest-posts__post-title\" href=\"https:\/\/blogs.cervantes.es\/retablo-centenario\/2023\/12\/15\/una-de-las-cosas-mas-de-ver-que-hay-en-el-mundo\/\">Una de las cosas m\u00e1s de ver que hay en el mundo<\/a><time datetime=\"2023-12-15T10:48:43+00:00\" class=\"wp-block-latest-posts__post-date\">15 de diciembre de 2023<\/time><div class=\"wp-block-latest-posts__post-excerpt\">Mariscal, al prescindir de los decorados, apostar\u00e1 por la etereidad de la proyecci\u00f3n y el juego de la luz, para el dise\u00f1ador el elemento m\u00e1s importante del teatro y del cine. <\/div><\/li>\n<\/ul>\n\n\n<hr class=\"wp-block-separator has-alpha-channel-opacity\"\/>\n\n\n\n<h2 class=\"alignwide has-text-align-center has-x-large-font-size\"><strong>Cartelera<\/strong><\/h2>\n\n\n\n<p><\/p>\n\n\n<div class=\"em em-view-container\" id=\"em-view-75877442\" data-view=\"list\">\r\n\t<div class=\"em pixelbones em-list em-events-list\" id=\"em-events-list-75877442\" data-view-id=\"75877442\">\r\n\tNo hay eventos\t<\/div>\r\n<\/div>\n<div class=\"em-event em-item\" style=\"--default-border:#_CATEGORYCOLOR\">\n<div class=\"em-item-image has-placeholder\">\n<div class=\"em-item-image-placeholder\">\n<div class=\"date\">\n\t\t\t\t<span class=\"day\"><\/span><br \/>\n\t\t\t\t<span class=\"month\"><\/span>\n\t\t\t<\/div>\n<\/p><\/div>\n<\/p><\/div>\n<div class=\"em-item-info\">\n<h3 class=\"em-item-title\"><\/h3>\n<div class=\"em-event-meta em-item-meta\">\n<div class=\"em-item-meta-line em-event-date em-event-meta-datetime\">\n\t\t\t\t<span class=\"em-icon-calendar em-icon\"><\/span><br \/>\n\t\t\t\t&nbsp;\n\t\t\t<\/div>\n<div class=\"em-item-meta-line em-event-time em-event-meta-datetime\">\n\t\t\t\t<span class=\"em-icon-clock em-icon\"><\/span><\/p><\/div>\n<div class=\"em-item-meta-line em-event-prices\">\n\t\t\t\t<span class=\"em-icon-ticket em-icon\"><\/span><\/p><\/div>\n<div class=\"em-item-meta-line em-event-location\">\n\t\t\t\t<span class=\"em-icon-location em-icon\"><\/span><\/p><\/div>\n<div class=\"em-item-meta-line em-event-location\">\n\t\t\t\t<span class=\"em-icon-at em-icon\"><\/span><\/p><\/div>\n<div class=\"em-item-meta-line em-item-taxonomy em-event-categories\">\n\t\t\t\t<span class=\"em-icon-category em-icon\"><\/span><\/p>\n<div><\/div>\n<\/p><\/div>\n<\/p><\/div>\n<\/p><\/div>\n<\/div>\n\n\n\n<hr class=\"wp-block-separator has-alpha-channel-opacity\"\/>\n\n\n\n<h2 class=\"alignwide has-text-align-center has-x-large-font-size\"><strong>Galer\u00eda<\/strong><\/h2>\n\n\n\n<p><\/p>\n\n\n\n<div class=\"is-layout-flow wp-block-group alignwide\">\n\n\n\t<div class='ngg-imagebrowser default-view'\n         id='ngg-imagebrowser-0fd30cf73314afebd7389d3ebcedfeb0-41'\n         data-nextgen-gallery-id=\"0fd30cf73314afebd7389d3ebcedfeb0\">\n\n        <h3>Grabado del final de \u00abEl retablo de maese Pedro\u00bb<\/h3>\n\n\t\t<div id=\"ngg-image-0\" class=\"pic\" >\n        \n        <a href='https:\/\/blogs.cervantes.es\/retablo-centenario\/wp-content\/uploads\/sites\/75\/nggallery\/galeria-cervantes\/poilly.jpg'\n           title='\u00abDon Quijote tomando las marionetas por moros cree combati\u00e9ndolas socorrer a dos amantes furtivos\u00bb.\n\nGrabado de Fran\u00e7ois de Poilly sobre el dibujo original de Charles- Antoine Coypel, 1724.\n\nCasa Museo Manuel de Falla (Granada).'\n           data-src=\"https:\/\/blogs.cervantes.es\/retablo-centenario\/wp-content\/uploads\/sites\/75\/nggallery\/galeria-cervantes\/poilly.jpg\"\n           data-thumbnail=\"https:\/\/blogs.cervantes.es\/retablo-centenario\/wp-content\/uploads\/sites\/75\/nggallery\/galeria-cervantes\/thumbs\/thumbs-poilly.jpg\"\n           data-image-id=\"89\"\n           data-title=\"Grabado del final de \u00abEl retablo de maese Pedro\u00bb\"\n           data-description=\"\u00abDon Quijote tomando las marionetas por moros cree combati\u00e9ndolas socorrer a dos amantes furtivos\u00bb.\n\nGrabado de Fran\u00e7ois de Poilly sobre el dibujo original de Charles- Antoine Coypel, 1724.\n\nCasa Museo Manuel de Falla (Granada).\"\n           class=\"ngg-simplelightbox\" rel=\"0fd30cf73314afebd7389d3ebcedfeb0\">\n            <img title='Grabado del final de \u00abEl retablo de maese Pedro\u00bb'\n                 alt='Grabado del final de \u00abEl retablo de maese Pedro\u00bb'\n                 src='https:\/\/blogs.cervantes.es\/retablo-centenario\/wp-content\/uploads\/sites\/75\/nggallery\/galeria-cervantes\/poilly.jpg'\/>\n        <\/a>\n\t    \n        <\/div> \n\n        <div class='ngg-imagebrowser-nav'>\n\n            <div class='back'>\n                <a class='ngg-browser-prev'\n                   id='ngg-prev-140'\n                   href='https:\/\/blogs.cervantes.es\/retablo-centenario\/nggallery\/image\/r-9006-1-escenas-preliminares-retablo_003-def\/'>\n                    <i class=\"fa fa-chevron-left\" aria-hidden=\"true\"><\/i>\n                <\/a>\n            <\/div>\n\n            <div class='next'>\n                <a class='ngg-browser-next'\n                   id='ngg-next-95'\n                   href='https:\/\/blogs.cervantes.es\/retablo-centenario\/nggallery\/image\/lxv-a8-001-el-retablo-def\/'>\n                    <i class=\"fa fa-chevron-right\" aria-hidden=\"true\"><\/i>\n                <\/a>\n            <\/div>\n\n            <div class='counter'>\n                Image                1                De                18            <\/div>\n\n            <div class='ngg-imagebrowser-desc'>\n                <p>\u00abDon Quijote tomando las marionetas por moros cree combati\u00e9ndolas socorrer a dos amantes furtivos\u00bb.\n\nGrabado de Fran\u00e7ois de Poilly sobre el dibujo original de Charles- Antoine Coypel, 1724.\n\nCasa Museo Manuel de Falla (Granada).<\/p>\n            <\/div>\n\n        <\/div>\n    <\/div>\n\n\n<\/div>\n\n\n\n<p><\/p>\n\n\n\n<p><\/p>\n","protected":false},"excerpt":{"rendered":"<p>En este portal, dedicado al centenario del estreno de El retablo de maese Pedro de Manuel de Falla, el visitante tendr\u00e1, en la Cartelera, informaci\u00f3n sobre las iniciativas que nos&hellip; <a class=\"more-link\" href=\"https:\/\/blogs.cervantes.es\/retablo-centenario\/\">Seguir leyendo <span class=\"screen-reader-text\">El retablo del centenario<br \/>del estreno de \u00abEl retablo de maese Pedro\u00bb de Manuel de Falla (1923-2023)<\/span><\/a><\/p>\n","protected":false},"author":95,"featured_media":0,"parent":0,"menu_order":0,"comment_status":"closed","ping_status":"closed","template":"","meta":{"ngg_post_thumbnail":0},"aioseo_notices":[],"_links":{"self":[{"href":"https:\/\/blogs.cervantes.es\/retablo-centenario\/wp-json\/wp\/v2\/pages\/41"}],"collection":[{"href":"https:\/\/blogs.cervantes.es\/retablo-centenario\/wp-json\/wp\/v2\/pages"}],"about":[{"href":"https:\/\/blogs.cervantes.es\/retablo-centenario\/wp-json\/wp\/v2\/types\/page"}],"author":[{"embeddable":true,"href":"https:\/\/blogs.cervantes.es\/retablo-centenario\/wp-json\/wp\/v2\/users\/95"}],"replies":[{"embeddable":true,"href":"https:\/\/blogs.cervantes.es\/retablo-centenario\/wp-json\/wp\/v2\/comments?post=41"}],"version-history":[{"count":19,"href":"https:\/\/blogs.cervantes.es\/retablo-centenario\/wp-json\/wp\/v2\/pages\/41\/revisions"}],"predecessor-version":[{"id":2465,"href":"https:\/\/blogs.cervantes.es\/retablo-centenario\/wp-json\/wp\/v2\/pages\/41\/revisions\/2465"}],"wp:attachment":[{"href":"https:\/\/blogs.cervantes.es\/retablo-centenario\/wp-json\/wp\/v2\/media?parent=41"}],"curies":[{"name":"wp","href":"https:\/\/api.w.org\/{rel}","templated":true}]}}